0527 prime?
True
Is 6349 prime?
False
Is 8963 a composite number?
False
Is 57919 a prime number?
False
Is 10883 prime?
True
Is 164139 prime?
False
Is 19777 composite?
False
Is 61639 a prime number?
False
Is 23501 a composite number?
True
Is 8521 composite?
False
Is 19619 composite?
True
Is 11743 a prime number?
True
Is 5197 composite?
False
Is 6121 prime?
True
Is 15293 a composite number?
True
Is 1009 a prime number?
True
Is 48419 prime?
False
Is 6701 a composite number?
False
Is 29483 composite?
False
Is 27329 a composite number?
False
Is 969977 composite?
False
Is 9527 prime?
False
Is 1336277 prime?
False
Is 641285 prime?
False
Is 12937 prime?
False
Is 333269 prime?
True
Is 113653 a composite number?
True
Is 2496307 a composite number?
True
Is 5381 composite?
False
Is 102761 prime?
True
Is 539501 prime?
True
Is 202267 a prime number?
False
Is 1250299 a composite number?
True
Is 3521 composite?
True
Is 371897 a composite number?
False
Is 2333 a composite number?
False
Is 44241 a composite number?
True
Is 10765 a composite number?
True
Is 202921 prime?
True
Is 35437 composite?
False
Is 17737 a composite number?
False
Is 87063 prime?
False
Is 480499 a prime number?
True
Is 1361 composite?
False
Is 371 composite?
True
Is 5155519 a composite number?
True
Is 3397 a prime number?
False
Is 2761505 a prime number?
False
Is 946063 a composite number?
True
Is 5357 composite?
True
Is 5482627 prime?
True
Is 197903 a prime number?
False
Is 1417649 prime?
True
Is 7702 composite?
True
Is 46479 composite?
True
Is 69959 prime?
True
Is 580357 a composite number?
False
Is 266281 a prime number?
True
Is 4741 prime?
False
Is 142955 a composite number?
True
Is 18635 composite?
True
Is 869657 composite?
False
Is 3694 composite?
True
Is 3389 a prime number?
True
Is 144583 a composite number?
False
Is 136649 composite?
False
Is 408767 a composite number?
True
Is 44071 prime?
True
Is 64983 a composite number?
True
Is 35879 a composite number?
False
Is 13285 a composite number?
True
Is 38371 a composite number?
False
Is 16127 a prime number?
True
Is 809227 prime?
False
Is 63977 a prime number?
True
Is 5953 composite?
False
Is 2777 a composite number?
False
Is 12037 a composite number?
False
Is 993 prime?
False
Is 6007 prime?
True
Is 76841 composite?
True
Is 1622573 composite?
False
Is 108389 a prime number?
False
Is 467 prime?
True
Is 100021 prime?
False
Is 28022 prime?
False
Is 2027329 a composite number?
True
Is 487741 composite?
False
Is 23011 composite?
False
Is 252267 prime?
False
Is 38501 prime?
True
Is 24199 a composite number?
True
Is 26813 a composite number?
False
Is 56369 prime?
True
Is 951 composite?
True
Is 43691 a composite number?
False
Is 25719 composite?
True
Is 39206 a prime number?
False
Is 72251 prime?
True
Is 1931 a prime number?
True
Is 525457 prime?
True
Is 265583 a composite number?
True
Is 709757 prime?
False
Is 19297 a composite number?
True
Is 43607 composite?
False
Is 1823 a prime number?
True
Is 21851 a composite number?
False
Is 1051627 a prime number?
False
Is 9122 a prime number?
False
Is 18839 composite?
False
Is 1039 a composite number?
False
Is 7993 prime?
True
Is 8933 prime?
True
Is 1039067 a prime number?
True
Is 877 prime?
True
Is 1356919 a composite number?
False
Is 56954 composite?
True
Is 36187 a prime number?
True
Is 51877 a composite number?
True
Is 37055 prime?
False
Is 76267 a prime number?
False
Is 21727 a composite number?
False
Is 19157 a prime number?
True
Is 95591 a composite number?
True
Is 351949 composite?
True
Is 356131 a composite number?
True
Is 6655273 a prime number?
True
Is 22951 a prime number?
False
Is 747467 composite?
True
Is 317227 a composite number?
False
Is 681595 a composite number?
True
Is 10201 a prime number?
False
Is 36289 a prime number?
False
Is 35681 a prime number?
False
Is 2215 composite?
True
Is 20047 a prime number?
True
Is 844841 composite?
False
Is 41153 a composite number?
True
Is 1266677 a composite number?
False
Is 10007 a composite number?
False
Is 6347 a composite number?
True
Is 54829 composite?
False
Is 25595 prime?
False
Is 16741 a composite number?
False
Is 96034 prime?
False
Is 31597 prime?
False
Is 57427 a prime number?
True
Is 175399 a prime number?
False
Is 54478 a composite number?
True
Is 6607 composite?
False
Is 53281 a prime number?
True
Is 322397 prime?
True
Is 1565111 prime?
False
Is 1499 prime?
True
Is 150191 a composite number?
True
Is 111533 a composite number?
False
Is 16943 prime?
True
Is 80701 a prime number?
True
Is 918409 prime?
False
Is 32537 composite?
False
Is 82837 composite?
False
Is 138463 prime?
False
Is 193313 composite?
True
Is 1915359 prime?
False
Is 31945 a prime number?
False
Is 1235021 composite?
False
Is 42941 a prime number?
False
Is 4146497 a composite number?
False
Is 5471 a composite number?
False
Is 607691 a prime number?
False
Is 3059077 composite?
True
Is 393901 a composite number?
False
Is 16871 a prime number?
True
Is 9167 composite?
True
Is 267951 prime?
False
Is 20885 a prime number?
False
Is 35419 a composite number?
False
Is 11851 composite?
True
Is 71377 a composite number?
True
Is 292561 a prime number?
True
Is 17558 a composite number?
True
Is 23641 a prime number?
False
Is 371549 prime?
True
Is 3262417 a composite number?
True
Is 12671 a composite number?
False
Is 4351 prime?
False
Is 33559 a composite number?
True
Is 179 a composite number?
False
Is 6047 composite?
False
Is 573719 a composite number?
False
Is 388205 a prime number?
False
Is 33287 composite?
False
Is 35 composite?
True
Is 82583 prime?
False
Is 69461 composite?
True
Is 1261 a prime number?
False
Is 912383 a composite number?
True
Is 27239 a prime number?
True
Is 85297 a prime number?
True
Is 152183 a prime number?
True
Is 967343 composite?
True
Is 1037 composite?
True
Is 9611 a composite number?
True
Is 342473 composite?
True
Is 573799 a composite number?
True
Is 858289 a composite number?
True
Is 245897 a composite number?
False
Is 8641 a composite number?
False
Is 4829 a prime number?
False
Is 2993 prime?
False
Is 13537 prime?
True
Is 587 prime?
True
Is 5663 a composite number?
True
Is 25937 a prime number?
False
Is 246661 prime?
True
Is 14879 prime?
True
Is 439154 composite?
True
Is 33563 a composite number?
False
Is 8081 a prime number?
True
Is 2149 composite?
True
Is 23377 a prime number?
False
Is 9763 a composite number?
True
Is 28349 composite?
False
Is 52994 a composite number?
True
Is 91207 composite?
True
Is 34311 composite?
True
Is 2429 a composite number?
True
Is 54973 a composite number?
False
Is 379837 a prime number?
True
Is 268421 prime?
False
Is 70351 composite?
False
Is 9527 a prime number?
False
Is 74569 prime?
False
Is 42629 prime?
False
Is 2516243 composite?
True
Is 73249 a prime number?
False
Is 37477 prime?
False
Is 68891 a composite number?
False
Is 162895 a prime number?
False
Is 299369 a prime number?
False
Is 1259 a composite number?
False
Is 18097 composite?
False
Is 10963 prime?
False
Is 141793 composite?
False
Is 106247 a prime number?
False
Is 6557 prime?
False
Is 6805 composite?
True
Is 47249 a composite number?
True
Is 250067 a prime number?
False
Is 1651 a prime number?
False
Is 1117 a composite number?
False
Is 70157 a composite number?
False
Is 13641 a composite number?
True
Is 24841 composite?
False
Is 144659 composite?
False
Is 4373 a prime number?
True
Is 20203 prime?
False
Is 601801 a composite number?
False
Is 2899 prime?
False
Is 161159 a prime number?
True
Is 282959 composite?
False
Is 19871 a composite number?
True
Is 353323 prime?
False
Is 789941 a composite number?
False
Is 256673 prime?
False
Is 3785 prime?
False
Is 704137 a composite number?
True
Is 107785 a prime number?
False
Is 4387 composite?
True
Is 40947 composite?
True
Is 52774 composite?
True
Is 15053 composite?
False
Is 83767 composite?
True
Is 805907 prime?
False
Is 11899 a prime number?
False
Is 26669 prime?
True
Is 176651 prime?
True
Is 20413 composite?
True
Is 312621 prime?
False
Is 1054715 prime?
False
Is 380729 a prime number?
True
Is 195193 a composite number?
False
Is 80821 composite?
True
Is 3607 a composite number?
False
Is 7829 prime?
True
Is 373645 prime?
False
Is 7829 composite?
False
Is 306701 a composite number?
False
Is 57881 composite?
Fal